est common factor of 216 and v.
36
Let p = -110 + 118. Calculate the greatest common divisor of 52 and p.
4
Let v(l) = -11*l + 829. Let d be v(75). Calculate the highest common divisor of d and 484.
4
Let t = -90 + 138. What is the greatest common factor of t and 168?
24
Let s(h) = -27*h + 3. Let k(a) = a + 4. Let i be k(-3). Let d be 0 + -4 + i + 2. Let w be s(d). Calculate the greatest common divisor of w and 75.
15
Let g be 5 + (-129)/27 + (-94)/18. Let m = g - -9. Let l(j) = -8*j. Let d be l(-1). Calculate the greatest common divisor of m and d.
4
Let v(g) = -g**3 - 6*g**2 - 14. Let i be v(-7). Calculate the highest common divisor of i and 385.
35
Let d = 322 + -313. What is the highest common factor of d and 36?
9
Suppose -10*b + 11*b = -39. Let x = 15 + b. Let w be ((-1)/(-3))/((-4)/x). What is the highest common factor of w and 2?
2
Suppose 0 = -19*s + 410 + 350. Calculate the highest common factor of 120 and s.
40
Let c be 2 - (104/78 + (-1706)/6). Calculate the greatest common divisor of 15 and c.
15
Let p(l) = -2*l - 2. Let x be p(-5). Suppose 671 - 676 = -5*n. Calculate the greatest common factor of n and x.
1
Let c(v) = v**2 - 8*v + 18. Let k be c(3). Let z be (k/(-6))/((-1)/28). Calculate the highest common factor of z and 7.
7
Suppose 0 = -3*v - v + 8. Suppose -v = -3*j + 2*j. Let r be (2 - j)/1 - -9. Calculate the highest common factor of 45 and r.
9
Suppose 0 = -2*l + 4*d + 4, -5*l = -0*l + 4*d - 66. Suppose -54*m + 196 = -20. Calculate the highest common divisor of m and l.
2
Suppose -g = -8*g + 70. Let u(i) be the first derivative of 5*i**2 + 20*i + 2. Let s be u(g). What is the greatest common factor of s and 15?
15
Let u be ((-4)/(-14))/((-9)/(-63)). Calculate the greatest common factor of 26 and u.
2
Suppose 2*p - 4*m - 1394 = 0, 4*p + 2*m + 3*m - 2736 = 0. Calculate the highest common divisor of p and 106.
53
Let s(k) = 4*k + 9. Let q be s(12). Suppose q*y = 52*y + 495. What is the greatest common divisor of 22 and y?
11
Suppose -q = 4*p - 24, -2*p + 3 = q - 15. Suppose q = m - 9. What is the greatest common divisor of m and 168?
21
Let f(w) = -w**3 - w**2 - 2*w - 1. Let q be f(-1). Let r be q - 0 - (1 + -64). Calculate the highest common factor of r and 16.
16
Let i(m) = -m**3 + 7*m**2 + 2*m - 7. Let d be i(7). Suppose -v - 462 = -d*v. Suppose -t = 23 - v. Calculate the greatest common factor of 9 and t.
9
Let g(k) = k + 20. Let f be g(-16). Calculate the greatest common divisor of f and 22.
2
Suppose -2304 = -12*q - 0*q. Calculate the greatest common factor of q and 672.
96
Suppose -4 = x, 4*z - 4*x = -z + 66. Suppose -574 + 3380 = 4*b - 3*j, -z = -5*j. Let c = b - 373. What is the highest common factor of 30 and c?
30
Let k be (120/21)/(1/7). Let u = 51 - k. What is the highest common factor of u and 99?
11
Let c be ((-128)/(-48))/((-124)/63 - -2). Calculate the greatest common factor of 105 and c.
21
Suppose -3*a - 4*p = -949, 0 = -4*p - 5 - 3. What is the greatest common factor of 22 and a?
11
Let x be (7 - -13 - 11)*1. Let u(b) = b**2 + 4*b + 4. Let p be u(-5). Calculate the highest common factor of p and x.
9
Suppose 7*r = -0*r + 1778. Let a be 5/(-3 + -2) + r. What is the highest common factor of a and 23?
23
Let i be 2/5 + 162/45. Let z(x) = -x**2 - 17*x. Let g be z(-16). What is the highest common factor of i and g?
4
Let o = -105 + -1. Let d = 178 + o. Let u = 61 + -52. What is the greatest common divisor of u and d?
9
Let r(k) = 3*k**2 + 8*k + 10. Let n(f) = f**2 + f + 1. Let b(z) = -4*n(z) + r(z). Let w be b(4). Calculate the greatest common factor of w and 4.
2
Suppose 0 = 3*d - 6*d + 6. Suppose 0 = -5*w + d*w + 12. What is the highest common factor of w and 36?
4
Suppose 29*z - 17003 = -3083. What is the highest common divisor of z and 24?
24
Let m(r) = -3*r**2 - 2*r + 2. Let i be m(2). Let t(n) = 2*n**2 + 21*n + 34. Let l be t(i). What is the greatest common factor of 12 and l?
12
Let h be 8/(-24) - 31/(-3). Let k = 20 - h. Calculate the greatest common factor of k and 5.
5
Suppose -76 = -4*q + o, 0 = -5*o + 28 - 8. Calculate the greatest common divisor of q and 25.
5
Suppose 7*l + 17 = 5*i + 3*l, i = -l + 7. Suppose -5*z + 80 = -4*n - 0*n, -4*z + i*n + 55 = 0. What is the greatest common divisor of z and 100?
20
Let v(f) = -f**3 + 14*f**2 - 11*f - 11. Let w be v(13). Let c(p) = 4*p - 44. Let d be c(w). Calculate the highest common divisor of d and 24.
8
Let r be (-2)/5 + 144/60. Suppose 0 = -5*j + r + 28. What is the highest common factor of 18 and j?
6
Suppose -24600 = -6*t - 4*t. Suppose -b + 16*b = t. Calculate the highest common factor of 41 and b.
41
Let t = 287 + -257. Calculate the greatest common factor of t and 330.
30
Suppose -v = -0*v - 34. Let j be 2/(v/10 - 3). Suppose 24 = j*i - 56. Calculate the highest common divisor of 128 and i.
16
Let c be 4/(4/(-4 + 6)). Suppose -z - c*z + 12 = 0. Suppose q + 3*q - 334 = 2*y, -3*q - z*y + 256 = 0. What is the highest common divisor of 12 and q?
12
Suppose 5*f - 187 = 3*z, -2*f = -z - 103 + 29. Suppose 2*d + 4*h = 198, -2*h - 219 = -2*d + h. Calculate the greatest common factor of f and d.
35
Let x be ((-990)/(-66))/(-1 - (-12)/10). Calculate the greatest common divisor of x and 525.
75
Suppose -i - 8*h = -4*h - 13, -5*i + 65 = 3*h. Calculate the highest common divisor of 91 and i.
13
Suppose 3*f - 2 = 4. Let a be (-3)/f + 315/30. Suppose -3*g + 81 = a. What is the highest common divisor of 192 and g?
24
Let g be (2/4)/1 - (-9995)/10. Suppose 4*h + 6*z - g = z, -3*h - 5*z = -755. What is the greatest common divisor of 98 and h?
49
Let o(r) = -6*r**2 + 33*r - 21. Let z(s) = 7*s**2 - 34*s + 22. Let t(q) = -6*o(q) - 5*z(q). Let i be t(29). What is the highest common divisor of i and 405?
45
Let y(g) = g**2 + 8*g + 12. Let i be y(-7). Suppose -5*k - 7 = i*j - 47, -k = 2*j - 3. Let a = k + -3. Calculate the greatest common divisor of 4 and a.
2
Let f be (3 - -1) + -4 - -4. Suppose 41 + 59 = f*w - 3*a, -32 = -2*w - 3*a. What is the greatest common factor of 22 and w?
22
Let t(i) = 14*i - 682. Let z be t(51). What is the highest common factor of z and 16?
16
Suppose i - 120 = 6*i. Suppose 0*t = -5*t + a - 51, -t - 12 = -2*a. Let h be (i/t)/((-24)/(-160)). Calculate the highest common divisor of 48 and h.
16
Let h be (-120)/(-32)*140/15. Calculate the greatest common factor of 245 and h.
35
Let j(s) = 9*s**3 + 2*s**2 - s. Let t be j(1). Suppose -5 = -5*b + t. Let g be (34/(-5))/(b/(-45)). What is the greatest common divisor of 17 and g?
17
Suppose 2*y + 4*y - 24 = 0. Calculate the highest common divisor of y and 2.
2
Let v be (-4)/(-14) - (-528)/(-84). Let k = 306 - v. What is the highest common divisor of k and 39?
39
Let d be 15/(1/2*2). Let u be d/(-2)*(0 - 8). Let s = -1023 - -1033. Calculate the greatest common divisor of s and u.
10
Suppose 2*g - 16 = -4*k + 6, 4*g = 4. Suppose -k*w + 16 = -w. Suppose l - 37 = -w*t + 2, -5*l = 3*t - 246. Calculate the highest common divisor of l and 17.
17
Let m(v) = v - v - 9 + 3*v. Suppose 6*y - 8 = 5*y. Let j be m(y). Calculate the greatest common factor of j and 45.
15
Let y be 225 + 6 + (0 - 6). What is the greatest common factor of y and 315?
45
Let b = 788 - 132. Calculate the greatest common divisor of b and 16.
16
Let s(z) = z**2 + 2*z. Let v be s(-6). Suppose 0 = 5*m - 7*m - 52. Let b = -18 - m. Calculate the greatest common factor of v and b.
8
Let w(l) = -l + 14. Let z(j) = j**3 - 9*j**2 + 8. Let d be z(9). Let h be w(d). What is the greatest common divisor of 42 and h?
6
Let t be (-30 + 66)*3/2. What is the greatest common factor of t and 135?
27
Suppose -24 = -3*x + 3. Let h = 624 + -543. What is the greatest common divisor of x and h?
9
Let i be -4 + (8/28 - 16/7). Let h be (-3)/(-2)*100/(-30)*i. What is the greatest common factor of 40 and h?
10
Let m = -13 - -17. Let a be m/(-2 + 4) + 173. Let v = 7 + 18. Calculate the highest common divisor of v and a.
25
Suppose -f - 28 = -3*f. Let y be (-3)/((-6)/16) - 1. Let i(n) = n + 7. Let u be i(y). Calculate the highest common divisor of u and f.
14
Let p = 39 - 54. Let o(s) = -s - 9. Let d be o(p). Suppose 2*l - 23 = 73. Calculate the greatest common divisor of d and l.
6
Let q(w) = w**3 + 3*w**2 - 12*w - 4. Let i be q(-5). Suppose 0 = -i*y + 25 - 1. What i